e the prime factors of o?
3, 61
Let r(k) = k**3 + 5*k**2 - 6*k. Suppose -4*b - 31 = 3*h, -h + 15 = -b - 4*b. Let u be r(h). Let f = 2 + u. What are the prime factors of f?
2
Let b(r) = -r**3 + 5*r**2 - 12*r + 12. Let w be b(6). Let n = -61 - w. List the prime factors of n.
5, 7
Let y(t) be the second derivative of -2*t**3 + t. What are the prime factors of y(-5)?
2, 3, 5
Let m be (-6 + 0)/((-12)/8) + -5. What are the prime factors of (-2 + m)/((-4)/312)?
2, 3, 13
Suppose 5*m - 2159 = b, -5*m + 2*b = -7*m + 854. List the prime factors of m.
431
Let h(v) = 292*v**2 - 19*v - 39. What are the prime factors of h(-2)?
3, 389
Let c = 8 - 71. Let n = c + 95. Let s = -10 + n. List the prime factors of s.
2, 11
Suppose 14 = y + 3*d, -y - d = y - 8. Suppose -4*s - 261 = 3*r, -y*r - 26 = 2*s + 150. Let o = r - -131. List the prime factors of o.
2, 5
Suppose -4*n - 180 + 948 = 0. List the prime factors of n.
2, 3
Let r = 415 + -244. List the prime factors of r.
3, 19
Suppose -253 = 4*o - 3105. Suppose -g - 4*t = -265, 4*g - 365 - o = 2*t. What are the prime factors of g?
269
Suppose 42 = w - 0*s - 5*s, -w - 3 = 4*s. Let k = 5 - w. Let y(h) = -h + 3. What are the prime factors of y(k)?
3, 5
Suppose 24*z - 20*z = 1236. Let x = z - 221. What are the prime factors of x?
2, 11
Suppose -6*k - 269 + 27923 = 0. What are the prime factors of k?
11, 419
Let j = -97 - -67. List the prime factors of j/2*12/(-9).
2, 5
Suppose -2*t = -5*t - 108. Suppose -342 = -52*l + 46*l. Let b = t + l. What are the prime factors of b?
3, 7
Let u(d) = 16*d + 20. What are the prime factors of u(16)?
2, 3, 23
Let x(c) = 20*c**2 - 11*c**2 - 6*c + 21 - 8*c**2. List the prime factors of x(12).
3, 31
Let j(m) = 749*m**2 + 4*m + 4. What are the prime factors of j(-1)?
7, 107
Let b(n) = -n**3 - 5*n**2 + 4*n - 33. What are the prime factors of b(-7)?
37
Suppose 2*d - 2627 = -475. List the prime factors of d.
2, 269
Let z = -33 - -12. Let o be 1/((4/(-132))/1). Let j = z - o. List the prime factors of j.
2, 3
Suppose 11627 = 3*y + 5*s, 3871 = 5*y - 4*y - 3*s. What are the prime factors of y?
2, 13, 149
Suppose -20*m + 11851 = 731. List the prime factors of m.
2, 139
Suppose 3*r = -4*p + 37, -7*r - 3*p = -3*r - 61. Let y(v) = v**3 - 20*v**2 + 21*v - 4. List the prime factors of y(r).
2, 17
Let f = 0 - -2. Suppose 3*l = -2*u - 2*u + 31, -f*u - 12 = -4*l. Suppose u*t - 12 = 120. List the prime factors of t.
3, 11
Let m = -140 + 54. Let w = 101 + m. List the prime factors of w.
3, 5
Suppose -3*b - l + 1250 = -1129, 2*l - 2379 = -3*b. What are the prime factors of b?
13, 61
What are the prime factors of (2997/148)/(1/164)?
3, 41
Suppose 3*p - 2030 = -5*c + 3*c, 2*c + 10 = 0. Suppose j + j = p. List the prime factors of j.
2, 5, 17
What are the prime factors of (-7479)/(-21) + (-81)/(-21) + -4?
2, 89
List the prime factors of 3 + (0 - 0) - (-1173 + -105).
3, 7, 61
Suppose -5*x = -0*x - 2200. Suppose l + 4*l = x. Suppose s + 3*s - l = -4*t, 4*t - s = 78. What are the prime factors of t?
2, 5
Let z(k) be the third derivative of 14*k**5/15 - k**3/6 + 5*k**2. Let b be z(1). Let l = 82 - b. List the prime factors of l.
3
Let b = 68 - 14. Suppose b = 3*y - 87. What are the prime factors of y?
47
Let c = 80 - -493. What are the prime factors of c?
3, 191
Let i(t) = 4*t**3 - 2*t**2 + t. Let x be i(1). Suppose -r = a - 7, -2*a + r = x*a - 5. Suppose -a*q - 42 = -5*q. What are the prime factors of q?
2, 7
Let t = 10 - 0. Suppose -t = -3*h + h, 0 = -5*a + 5*h - 80. Let q = a - -34. What are the prime factors of q?
23
Suppose 5 - 25 = -5*y. Suppose 174 = b - 2*w - 22, y*b - 2*w - 796 = 0. What are the prime factors of b?
2, 5
Let d be 0 + 22 + 3 + -1. Suppose -b + d = b. Let m = 24 - b. What are the prime factors of m?
2, 3
Let v(a) = -15 + 16*a + 58 - 17 - 14. What are the prime factors of v(5)?
2, 23
Let t = 880 + 2986. List the prime factors of t.
2, 1933
What are the prime factors of -6 + 4 - (-10 - 842)?
2, 5, 17
Let f(q) = -2*q**2 + 4*q + 1. Let z(l) = l**2 - l. Let c(y) = f(y) + 3*z(y). List the prime factors of c(3).
13
Let n = -54 - -45. Let q(v) = -v**3 - 7*v**2 + 5*v - 9. What are the prime factors of q(n)?
2, 3
Suppose -2*p = -5*t - 703, -67 = t - 2*p + 80. Let h = t + 265. List the prime factors of h.
2, 3, 7
Suppose 0 = 2*d - 8, 0 = -10*i + 15*i + 3*d - 772. What are the prime factors of i?
2, 19
Let c be 33/(-99) + 0 + 7/3. Suppose -22 = c*q - 346. List the prime factors of q.
2, 3
Let b(o) = 38*o + 2. Suppose 0 = 4*c - 3*q - 5, q = 5*c - 4*q - 5. What are the prime factors of b(c)?
2, 3, 13
Let q = 1027 - 825. What are the prime factors of q?
2, 101
Suppose -3*u - 3 = 3*z, -14 = -3*u + 2*u + 2*z. Suppose 0 = 4*h + u*h - 144. What are the prime factors of h?
2, 3
Let y(x) = x - 5. Let q be y(5). Suppose h + 3*j - 8 = -q*h, 0 = 3*h + 5*j - 20. Suppose h*b - 20 + 1 = t, -5*b = 2*t - 22. What are the prime factors of b?
2
Suppose 4*c = 5*f + 1553, -5*f + 55 + 352 = c. List the prime factors of c.
2, 7
Let o = 21 - 35. Let f = o - -19. List the prime factors of f.
5
Let q(m) = -10 - 19 + 38 + 15*m + 9*m. Let w be q(5). Suppose 3*c + 5*s + w = 5*c, 5*c - 5*s - 300 = 0. List the prime factors of c.
3, 19
Suppose 0 = t + 3*p - 133, 3*t - t - 3*p = 293. Suppose 4*j = 4*v - 18 - t, 0 = -5*j. Suppose -v = -2*k - 14. List the prime factors of k.
13
Let j = 13 - 8. Let t be (-1)/2*4 + j. Suppose -v + b + 24 = 0, -3*b + 5*b = t*v - 71. What are the prime factors of v?
23
Suppose 4*c = -5*y + 2725, -c - 5*y + 1365 = c. List the prime factors of c.
2, 5, 17
Let j(n) = -2 + 79*n - 39*n - n**2 - 4 - 27*n. What are the prime factors of j(12)?
2, 3
Suppose -112 = -5*s - 7. Let q(f) = -f**2 + 26*f + 24. List the prime factors of q(s).
3, 43
Suppose -4*h = -1578 - 1950. List the prime factors of h.
2, 3, 7
Let y be -4 + (-180)/(-27)*(-774)/(-2). Suppose -8*i + y = 6*i. List the prime factors of i.
2, 23
Let g = -762 - -1174. List the prime factors of g.
2, 103
Suppose 2*n + 525 = 6*n - 5*w, -12 = -4*w. What are the prime factors of n?
3, 5
Let b(s) = s**3 + 3*s**2 + 2*s. Let o be b(-3). What are the prime factors of (92 - o)*1/2?
7
Suppose 7*m - 12*m + 2*z = -1700, -m = -5*z - 340. List the prime factors of m.
2, 5, 17
Let a(v) = -v**3 + 9*v**2 - 16*v + 5. Let w be a(5). Suppose w = -r + 177. List the prime factors of r.
2, 19
Suppose p - 2*p = 4. Let b be p + (-20)/(-2) - -3. Let c(w) = w**3 - 9*w**2 + 2*w + 4. List the prime factors of c(b).
2, 11
Suppose 2*w - 5*u = w - 15, -3*w - 5*u + 55 = 0. Let l(n) = 3*n**3 - 2*n**2 + 10*n - 9*n**3 + 7*n**3 + 10 - 9*n**2. List the prime factors of l(w).
2, 5
Let i(q) = 660*q - 937. List the prime factors of i(4).
13, 131
Suppose 0*h + 2*h = 2. Let b = -1 + h. Suppose b = -n + 11 - 6. List the prime factors of n.
5
Suppose -2404 = -4*m - 5*n + 1201, -m - 2*n = -899. List the prime factors of m.
5, 181
Let l be (3/(-2))/(9/(-6)). Suppose -w = -35 - l. List the prime factors of w.
2, 3
Let h = 74 - 114. Let g = h + 85. What are the prime factors of (g/(-18))/(1/(-10))?
5
Let m(q) = -q**3 - 7*q**2 - 11*q + 9. Let f be m(-9). Suppose 5*v - 2*v - f = 0. What are the prime factors of v?
2, 3, 5
Let s(f) = -f**3 + 6*f**2 - 5*f - 5. Let r be s(3). What are the prime factors of 101 + (r - (3 - 0))?
3, 5, 7
Let z be (1/((-8)/12))/(3/(-30)). List the prime factors of ((-1)/3)/(z/(-10035)).
223
Let a(k) = k**3 - 16*k**2 - 18*k - 20. Let i be a(17). Let y = -19 - i. What are the prime factors of y?
2, 3
Suppose -5*f + 4*j + j = -5, f + 3 = 5*j. Suppose -f*b + 123 = -61. List the prime factors of b.
2, 23
Let q = 3 + -3. Let f be -8*(q + (-3)/12). Suppose f*m - 165 = -3*m. What are the prime factors of m?
3, 11
Suppose -3*d + 2*d = -5*k + 10, 8 = -2*k. Let l be ((-2)/4)/(5/d). What are the prime factors of (-3)/3 - l - -51?
47
Let r be 3 + (-4)/((-8)/(-130)). Let j = 28 - r. What are the prime factors of j?
2, 3, 5
Let f(r) = 21*r - r - 10 - 61*r - 5. What are the prime factors of f(-5)?
2, 5, 19
Let k be (-6)/(-3)*30/20. Let h(m) = 21*m**2 + 5*m - 4. What are the prime factors of h(k)?
2, 5
Suppose 9*q = 10*q - 2, -5*q + 1118 = 4*c. What are the prime factors of c?
277
List the prime factors of 72/24 - -50*6.
3, 101
Let z be 1/(4/(-48)*-4). Suppose -z*x + 24 = x. Suppose 0 = 3*y - x*y 